/(-6))/(1/(-6)). Let l be (8 + o)*(-5)/x. Give y(l).
-1
Let v be 2/(-4)*(-4 + -6). Suppose 0*u + 5*u - 35 = 0. Let a(t) = -9*t + 3*t + u*t + 1. Calculate a(v).
6
Let n(p) = p**3 - 3*p**2 + 2*p - 1. Let z = -4 + 4. Suppose -2*o - 8 = -z*o. Let d = -1 - o. Determine n(d).
5
Let t(g) be the first derivative of -g + 3 + 1/2*g**2. Determine t(5).
4
Let r(m) be the first derivative of -m**2/2 + 2*m + 10. Give r(7).
-5
Let y(z) = -z - 1. Let h(j) = 9*j + 4. Let k(m) = h(m) + 5*y(m). Let r be ((-2)/(-8))/((-2)/(-16)). Calculate k(r).
7
Let p(k) = 8*k + 0 - 10 - k**2 + 5. Let x be (-2)/(-6) + (-68)/(-12). Determine p(x).
7
Let w(t) = -2*t**3 - 3*t**2 + 9*t + 39. Let a(j) = -j**3 - 2*j**2 + 5*j + 19. Let g(u) = -13*a(u) + 6*w(u). Determine g(-9).
5
Let i(w) = w**2 + 5*w + 1. Let s be (-5 - -2) + 1 + 14. Suppose 0 = r - 3*p - 5, 5*r = r - 3*p + 5. Suppose m + r*m + s = 0. Determine i(m).
-3
Let q(r) = -r**2 + 5*r - 5. Let h be 3/1 - (-4 + 1). Suppose 2*c + 2*c = 2*a - 16, 5*c - h = -4*a. Let y be a - (-4 + 1) - 2. Determine q(y).
-5
Let r(s) = 4*s + 7. Let x(q) = -3*q - 9. Let c(u) = 5*r(u) + 4*x(u). Calculate c(2).
15
Let s(d) be the first derivative of -d + 1/4*d**4 + 2 - d**3 - 5/2*d**2. Suppose -4*w + 4 = -3*w. Calculate s(w).
-5
Let o(g) = -2*g**2 - 1 - 1 + 2*g + g**2. Suppose 0 = -4*w - 2 - 26. Let u = w - -10. What is o(u)?
-5
Let b = -8 - -3. Let z(l) be the third derivative of 0 - 3/2*l**3 - 2*l**2 + 0*l - 1/24*l**4. Give z(b).
-4
Let c = 2 - -2. Let u(s) = -c*s + 8 + 4 - 10 + s**2. Calculate u(4).
2
Let b(g) = -g**2 - 6*g - 6. Let j = -1 - -2. Let u = j - 5. Calculate b(u).
2
Let y be 1*-2*(-15)/(-6). Let x be 2/7 + (-918)/(-21). Let h be 2/y - x/(-10). Let v(s) = -s**2 + 4*s - 1. Determine v(h).
-1
Let p(v) = v**2 + 5*v + 1. Suppose -15*o - 4 = -14*o. Calculate p(o).
-3
Suppose 0*a + 4*a - 16 = 0, 6 = 2*p + a. Let q be (1 - 0/p) + 2. Let l(k) be the third derivative of k**4/6 - k**3/3 - 20*k**2. Determine l(q).
10
Let t(y) = -y - 3. Let s(m) = -2*m + 12. Let k(c) = s(c) + 4*t(c). Let p(l) = l**3 - 4*l**2 + l + 4. Let n be p(3). Give k(n).
12
Let i(q) = -q**2 + 6*q. Let n(b) = -b**2 + 7*b + 6. Let m be n(7). What is i(m)?
0
Let n(r) = -r + 1. Let o(z) = -z. Let y(m) = -n(m) - o(m). Suppose 0*s - 3*s + d = 0, 0 = s + 4*d - 13. Give y(s).
1
Let g(m) = -m + 3. Let j be g(0). Let t(v) = 1. Let r(w) = -4*w - 2*w + 7*w. Let k(x) = j*t(x) - r(x). Give k(5).
-2
Let u(h) = -3*h**2 - 5*h + 3. Let g(n) = 13*n**2 + 20*n - 13. Let z(l) = 2*g(l) + 9*u(l). Suppose -3*o - 20 = 2*o. Calculate z(o).
5
Let f(w) be the second derivative of -w**5/20 - w**4/12 + w**3/6 - 22*w. Give f(-2).
2
Let b = 2 + 0. Let f(j) = b - j - j + j. Calculate f(5).
-3
Let u(f) = f. Let v(m) = 3*m + 3. Let t(h) = u(h) - v(h). Determine t(5).
-13
Let m(c) = 16*c - 11. Let h(g) = 9*g - 6. Let q(i) = -7*h(i) + 4*m(i). Give q(2).
0
Let g = 1 - 0. Let m(t) = 3*t**2. Let x be m(g). Let v(o) = -x*o + 1 - 1 - 1. Calculate v(-1).
2
Let v(x) = x**3 - 7*x**2 + 5*x + 1. Suppose -3 = 2*z + 3. Let t be 6*(-3)/9*z. What is v(t)?
-5
Let g = -2 - -5. Let f(d) = -4*d**3 - 5*d**2 - 6. Let r(u) = 3*u**3 + 5*u**2 + u + 6. Let w(k) = g*r(k) + 2*f(k). Calculate w(-4).
10
Suppose -3*q + 3*f - 12 = 0, 5*q - 2*f = -7*f. Let g(c) = -2*c**3 - c**2 + 3*c + 3. What is g(q)?
9
Let o(f) = 16*f - 17*f + 3 - 4. What is o(-5)?
4
Let a(v) = -2*v**2. Let l(j) = j + 3. Let i be l(-3). Suppose i*d = d - 20. Suppose 3*s = 5*x + s, 4*s = -d. Calculate a(x).
-8
Let f(m) = -m**3 - 3*m**2 + 5*m - 3. Suppose 0 = -6*l + l + 10. Suppose -l - 2 = x. Calculate f(x).
-7
Let q be 2/(2/(-6)*2). Let w(z) = -z. Calculate w(q).
3
Let h(x) = x**3 + 2*x + 1. Suppose 3*v = 10*v + 7. What is h(v)?
-2
Suppose 5*j = 2*l - 9, 5*l + 4*j = 5*j + 11. Let z be l/6 - (-7)/(-3). Let v(c) be the first derivative of -c**4/4 - c**3 + 2*c - 171. Give v(z).
-2
Suppose -g = c, 4*c + 2*g = 3*g + 10. Suppose -v - 2 = -c*v. Let b(u) be the second derivative of u**5/20 - u**4/12 + u**3/3 - u**2 + 8*u. Calculate b(v).
6
Let a(x) be the third derivative of -x**4/8 + x**3/6 - x**2. Let s = 19 - 18. Determine a(s).
-2
Let h be -4 + -9*(4 + -5). Let b(s) = s**3 - 4*s**2 - 4*s + 5. What is b(h)?
10
Let t(g) = g**2 + 7*g - 8. Let d be t(-8). Suppose h - 2*h = d. Let n(v) = v**3 - v**2 - v + 4. Give n(h).
4
Let i(v) = -23*v**3 - 3*v**2 + 10*v + 10. Let u(w) = -8*w**3 - w**2 + 3*w + 3. Let m(t) = -2*i(t) + 7*u(t). Calculate m(-1).
9
Let h(c) = -c**2 - c + 1. Let l(k) = k**3 - 13*k**2 - 3*k + 14. Let p be 24/(-20)*(-7 - -2). Let w(b) = p*h(b) - l(b). What is w(6)?
10
Let b(k) = -2*k**2 + 4*k + 1. Let j(r) = -2*r**2 + 5*r. Let s(f) = 3*b(f) - 2*j(f). Determine s(-2).
-9
Let w(r) = r**2 - r - 8. Let n = 0 + 0. Suppose -2*p = 3*f + 9, n*f + 2*f + 6 = p. Let o be (-1 - 6/(-3))*p. Determine w(o).
-8
Let c(w) = w**3 + 9*w**2 + w + 9. Let t = 146 - 155. Calculate c(t).
0
Let s(j) = 2*j + 2. Let k be s(-2). Let r(t) = t + 6. Let m be r(-3). Let q(p) = 0*p - 3*p + 0*p - m + 2. Calculate q(k).
5
Let z(o) = -2 - 8*o - 4 + 7. Let l = -13 + 14. Calculate z(l).
-7
Let f(m) = m**2 - 7*m + 3. Let q(h) = h + 1. Let j(o) = -f(o) - q(o). Determine j(4).
4
Let l(m) = -m**3 + 3*m**2 + 4*m + 6. Let u(v) = -2*v**3 + 6*v**2 + 7*v + 11. Let t(r) = 5*l(r) - 3*u(r). Determine t(3).
-6
Let j(f) = -f**3 + 6*f**2 - 7*f + 7. Let u be j(5). Let l be ((-4)/((-4)/u))/(-1). Let n(o) = -o**2 + 1. What is n(l)?
-8
Let d be (2 + -12)*(-1)/2. Let c(q) = -q**3 + 6*q**2 - 2*q - 2. Calculate c(d).
13
Let t(d) be the first derivative of -1/2*d**2 + 2*d - 3. Suppose -4*x - 3*o = -16, 5*x + 0*o + o - 9 = 0. What is t(x)?
1
Let c(y) = y**3 + 4*y**2 - 2*y - 1. Let b(r) = 5*r**3 + 19*r**2 - 11*r - 4. Let g(z) = 2*b(z) - 11*c(z). Calculate g(-6).
3
Let t = -19 + 27. Suppose -5*y = -t*y - 9. Let f(l) = -l**3 - 9*l**2 - 7*l - 1. Let m(v) = v**3 + 8*v**2 + 6*v + 1. Let h(c) = 4*f(c) + 5*m(c). Determine h(y).
4
Let r be 3*(-1 - -2)*-1. Let l be 6*((-5)/2 - r). Let p(q) = q**3 - 3*q**2 - q - 1. Give p(l).
-4
Let h(t) = t. Let f(b) be the third derivative of 35*b**4/24 + b**2. Let s(i) = f(i) - 30*h(i). Suppose -z + 62 = 61. Determine s(z).
5
Let w(u) = -2 - 8 - 5 + 2*u + 13. Let o = 13 - 16. What is w(o)?
-8
Let z = 15 - 12. Let u(h) = 2*h + h - z - 1 - h**2. What is u(4)?
-8
Suppose -2*k = -4*p + 6, -45 = -4*k - 4*p - 9. Suppose 5*m - 30 = -5*t, -k*t + m = -21 - 9. Let l(f) = f**2 - 6*f - 3. What is l(t)?
-3
Let l(g) = 3*g**3 - 2*g + 2. Let p(b) = -7*b**3 + 4*b - 5. Let v(j) = 5*l(j) + 2*p(j). Determine v(2).
4
Let a(g) = -g - g - 23 + 3*g + 31. Give a(-4).
4
Let g be 1/2 + (-7)/2. Let m(v) be the first derivative of v**4/4 + v**3 - v**2/2 - v + 5. What is m(g)?
2
Let a(x) be the third derivative of -x**6/120 - x**5/60 + x**4/8 - x**3/6 - 3*x**2. Suppose -3*k = -3*p - p - 12, 0 = -2*k. Give a(p).
8
Let m(a) be the second derivative of -7*a + 0 - a**2 + 1/20*a**5 - 7/6*a**3 - 1/2*a**4. Calculate m(7).
-2
Let i(s) = s + 4. Let x(h) = h - 4. Let v be x(7). What is i(v)?
7
Let p = -4 + 4. Let n(w) be the second derivative of -1/6*w**3 + 1/12*w**4 + w + 0*w**2 + 0. Calculate n(p).
0
Suppose 3*v - 7 = -4. Let w(r) = -r - 1. Let p(t) = -3*t - 3. Let h(i) = v*p(i) - 2*w(i). What is h(-1)?
0
Let p(f) = 9*f**2 + 2*f. Let n(y) = -4*y**2 - y. Let j(a) = -7*n(a) - 3*p(a). Suppose 0*u - i = -u + 12, u + 3*i = 0. Let v = 11 - u. What is j(v)?
6
Let m(h) = 29*h**3 + 3*h**2 + 3*h + 3. Let r(a) = 10*a**3 + a**2 + a + 1. Suppose 4*p + 34 = p + 5*g, p = 2*g - 12. Let n(u) = p*r(u) + 3*m(u). Determine n(-1).
-6
Let z(w) = 2*w - 3. Let s(c) = 5*c - 7. Let y(h) = -3*s(h) + 7*z(h). Determine y(-6).
6
Let t(s) be the second derivative of s**5/60 + s**4/12 - s**3/6 + 3*s**2/2 - s. Let c(y) be the first derivative of t(y). Give c(-3).
2
Let w(r) = 3*r + 1. Let h be w(1). Let a = 0 - -4. Let b(s) = 1 + a - s + 2. Determine b(h).
3
Let r(l) be the second derivative of -l**3/3 + l**2 + 7*l. What is r(5)?
-8
Let y(h) = h**2 - 8. Suppose -5*d - 3*i + 3 = -40, 0 = -4*d + 4*i + 28. Suppose -d*m = -3*m. Calculate y(m).
-8
Let l(a) = a**3 - 13*a**2 + 12*a - 5. Let f be l(12). Let k(x) = x**3 + 5*x**2 - x + 4. Determine k(f).
9
Suppose -6 = -u - 1, -30 = 5*a - 5*u. Let n(h) = 6*h**2 + 2*h + 1. Let v(s) = 7*s**2 + 3*s + 1. Let q(i) = 3*n(i) - 2*v(i). What 